Let h(r) = 7*r**2 - 15*r + 26. Let i be h(4). Let l(x) = x**3 + 6*x**2 + x + 8. Let b be l(-6). Suppose 3*w = b*w + i. Does 13 divide w?
True
Suppose 7*s - 822 = s. Suppose 0*o + 2*o - 21 = -3*l, -2*l + 2*o = -4. Suppose l*a - 113 = s. Is a a multiple of 28?
False
Let x be 416/(-22) - 1/11. Let s(h) = 2*h**3 + 40*h**2 + 19*h - 41. Is 6 a factor of s(x)?
False
Suppose 4*p - 2076 = 2*h, -24*h + 19*h = -4*p + 2058. Is p a multiple of 50?
False
Let v be ((-9)/15)/(3*1/(-135)). Suppose 3*p + v = -6*p. Let y(g) = -21*g - 13. Does 10 divide y(p)?
True
Let c = -5373 - -5263. Let k(h) = h**2 - h - 137. Let p be k(0). Let n = c - p. Is n a multiple of 9?
True
Let g be -22 + 22 + (-1)/(2/(-172)). Suppose -204 - g = -10*m. Is 29 a factor of m?
True
Let c(g) = 2*g**3 - 32*g**2 + 125*g - 5. Let u be c(9). Suppose -5*f + 2*f + 192 = 0. Is 15 a factor of (-36)/(-63) + -13*f/u?
True
Suppose 2*y - 4*v = 13384, 10545 = 4*y + v - 16214. Does 15 divide y?
True
Let z = 8417 - 1742. Is z a multiple of 14?
False
Let x be 5/((-25)/20) + 74. Suppose 0 = -x*r + 61*r + 810. Is r a multiple of 15?
True
Let d = 5528 - 1754. Is 51 a factor of d?
True
Let p = 233 - 114. Suppose 314*o - 310*o - 1196 = 0. Let k = o - p. Is k a multiple of 18?
True
Suppose 0 = 3*g + 15*k - 13*k - 4993, -g = -k - 1666. Does 8 divide g?
False
Suppose 3*t - b - 221638 = -66113, -362870 = -7*t - 2*b. Does 48 divide t?
True
Suppose -2*h = 5*z - 8*z - 7345, -5*h + 18331 = 3*z. Suppose -2192 = -3*b - 4*o, -o = -5*b - 4*o + h. Is b a multiple of 16?
True
Suppose -x + 0*s + 7077 = 9*s, 4*s = -5*x + 35426. Is x a multiple of 176?
False
Let g be 2/(-5) - (-351)/65. Suppose 0 = g*d + y - 268, d - 4*y + y - 60 = 0. Does 6 divide d?
True
Let v(z) = -z**2 - 7*z + 16. Let d be v(2). Let j(f) = -19*f**3 - 4*f**2 - 7*f + 2. Does 19 divide j(d)?
True
Let r = -441 + 182. Let a = r - -483. Is 17 a factor of a?
False
Suppose -25*l - 9337 = -2*u - 20*l, 4*l = u - 4670. Is u a multiple of 7?
False
Suppose 36*l - 3920 = 940. Does 3 divide l?
True
Let k(h) = h**3 + 88*h**2 - 1070*h - 90. Does 18 divide k(-98)?
True
Let d = 7034 + -4921. Let w = d + -1134. Is w a multiple of 89?
True
Let x = -4 + 4. Suppose 24*s - 33 - 15 = 0. Suppose 3*i - 4*f - 15 = x, s*i + 2*i + 5*f = 51. Is 4 a factor of i?
False
Suppose 0 = d + 2*d + 11610. Let w be d/(-81) + 4/18. Suppose -4*g + 48 = -g - 2*n, 0 = -3*g + 5*n + w. Is 4 a factor of g?
True
Let k be -117*((-20)/(-6) + -4). Let x = k - 76. Suppose -45 = -x*y + 155. Does 25 divide y?
True
Let p(u) = -u**3 - 146*u**2 - 263*u - 1480. Is 15 a factor of p(-145)?
True
Let r be ((-175)/20)/(5/(-20)). Does 7 divide r*(3 - 42/(-10))?
True
Let s(a) = -a**2 - 19*a + 2. Let v be s(-19). Let u(x) = 5*x - 22*x**3 - 1 + 5*x**v + 23*x**3 - 2. Is u(5) a multiple of 16?
True
Suppose -z + 17691 = -152*t + 151*t, 0 = -4*z - 4*t + 70788. Is 9 a factor of z?
True
Suppose -4*g + 54 - 14 = 0. Suppose 22*l + 3708 = g*l. Is 25 a factor of -2 + l/(-6) + (-9)/(-18)?
True
Let q be ((33 - 5) + -1)*5. Suppose 12672 = q*l - 123*l. Is 22 a factor of l?
True
Let j be ((-156)/(-4))/((-16)/(-16)). Is 672364/364 + (-6)/j a multiple of 93?
False
Let p(a) = -265*a**3 - 2*a**2 + a + 2. Let c be p(-1). Suppose -870 = 262*s - c*s. Does 48 divide s?
False
Suppose -24*n + 21*n - 41 = 4*c, -n = -3*c - 8. Is 6 a factor of -223*((-3)/n + (-30)/21)?
False
Suppose 39*l - 28*l = 495. Is -126*l/(-6)*(-8)/(-70) a multiple of 27?
True
Suppose 5*p - 104300 = 4*v, -2*p + 83404 = 2*p + 4*v. Does 79 divide p?
True
Let a = -18755 - -28479. Is 11 a factor of a?
True
Suppose -2858*w - 355152 = -2879*w. Is w a multiple of 151?
True
Let s(b) = -b**2 + 78*b - 829. Let y be s(10). Let p(n) = -n**3 - 2*n**2 + 3*n - 8. Let v be p(-7). Let g = y + v. Is 24 a factor of g?
False
Let u be -2 - (-207528)/(-2 - -5). Is u/(-243)*(-6)/4 a multiple of 8?
False
Let q(s) = 91 + 3485*s**2 - 6970*s**2 + 3487*s**2 + 16*s. Is q(-21) a multiple of 13?
True
Let b be (-64)/(-36) - 2 - (-384)/27. Let m(t) = 3*t**2 - 23*t + 54. Is m(b) a multiple of 11?
False
Suppose 5*a - 1027 = 548. Suppose 4*x - 780 = -35*x. Does 14 divide 48*(a/x)/9?
True
Suppose 4*w + 18 = 38. Suppose 3*p = w*p - 10270. Is 3/5 + p/25 a multiple of 28?
False
Let l = 84813 - 34428. Does 278 divide l?
False
Suppose 2*i = 8*k + 36036, 2*i + 3*k - 9565 - 26548 = 0. Is 6 a factor of i?
False
Suppose -5*g + 4*m + 23 = -2*g, 5*m - 10 = -4*g. Suppose -g*v + 325 = -0*v. Does 5 divide v?
True
Let x(g) = 3*g + 42. Let j be x(-13). Does 42 divide 172/3 + j*(-7)/63?
False
Let f(v) = 292*v**2 + 98*v - 246. Is 17 a factor of f(6)?
False
Is 30 a factor of ((-110)/11)/(4 - 2725/680)?
False
Let s = -333 - -175. Let m = s - -188. Does 10 divide m?
True
Let c = -8646 - -15602. Is c a multiple of 221?
False
Suppose 7*o + 0*o - 1190 = 0. Let x = o + -101. Suppose -15 = -4*p + x. Is p a multiple of 15?
False
Let v = 12255 - -22337. Is 188 a factor of v?
True
Let a be (-5)/((-5)/(-300)*(-20)/8). Suppose -2*h - 45 = -3*r + 91, -2*h - a = 5*r. Let n = h - -125. Is n a multiple of 10?
True
Suppose 0 = 26*q - 35*q + 1485. Suppose -c - l + q = 0, -4*c + 5*l + 257 + 385 = 0. Is 28 a factor of c?
False
Suppose -167*w = -180*w + 22724. Is w a multiple of 76?
True
Suppose 5*j + 30 - 55 = 0. Suppose 915 = j*f + 125. Is 7 a factor of f?
False
Suppose -4*s + 24 = 0, -2*p + 49*s - 52*s = -12446. Is 45 a factor of p?
False
Let y(g) = -49*g**3 - 3*g**2 - 5*g + 125. Is 121 a factor of y(-6)?
False
Let y(n) = 1547*n - 1325. Does 147 divide y(4)?
False
Suppose -17 = -3*v + 5*h, h = -h - 8. Is 9 a factor of ((-7)/((-28)/(-76)))/v?
False
Let n be (-6)/4 + -1 + (-31)/2. Is -2 - -388 - (15 + n) a multiple of 15?
False
Let w(l) = -6*l**2 + 40. Let y be w(7). Let m = y - -595. Is 11 a factor of m?
True
Let g = -2 - -117. Suppose 4*h + g = 2531. Is h a multiple of 44?
False
Suppose 0 = -5*p + 1913 - 563. Suppose -a + 48 = 5*m, -6*a + a + 5*m + p = 0. Let g = -28 + a. Is g a multiple of 25?
True
Suppose 26*u - 12 = 22*u. Suppose -b + 12 = -u*b. Does 27 divide 2/(b/9) + (-5 - -97)?
False
Let o = 1159 - 620. Does 3 divide o?
False
Suppose -5*a = -16 + 11, 0 = -5*q + 5*a + 40550. Is 38 a factor of q?
False
Suppose -3*o + k = 1450, -488 = o - 10*k + 5*k. Let u = 918 + o. Suppose -4*y + 173 = -u. Is 19 a factor of y?
True
Suppose 17*q - 7273 = 2587. Does 10 divide q?
True
Let q = 539 - 539. Suppose -2*j - 3*f + 24 + 59 = 0, -3*j - 3*f + 120 = q. Is 37 a factor of j?
True
Does 75 divide 22646/2 + 11*(114/(-209))/(-3)?
True
Suppose -p + 15343 = 5*j, -3*p + 46065 = 359*j - 362*j. Is 51 a factor of p?
False
Let i be 677 - 1/(3/(-3) - -2). Suppose 16*l - 18*l - i = 0. Let d = -214 - l. Is d a multiple of 13?
False
Does 22 divide 25 - 2835010/(-120) - (-2)/(-24)?
True
Suppose -2*a - q + 6 = 0, 8*a - 2*q = 3*a + 24. Suppose -2*p - 2*g + 7072 = 0, -a*p + g + 11764 = -2400. Suppose -6*l + p = 4*l. Is 51 a factor of l?
False
Suppose 0 = -7*h + h. Suppose 4*x = 5*f + 411, h = 4*x + 4*f - 3*f - 393. Is 5 a factor of 515/9 - 22/x?
False
Suppose 0 = -6*s + 4*s + 6. Suppose s = n, 5*n - 61 = 4*a - 266. Is a a multiple of 5?
True
Is 1/((399/(-19))/(-174153)) a multiple of 85?
False
Let f(i) be the third derivative of i**6/120 + 2*i**5/15 - 61*i**4/24 - 2*i**3/3 + 115*i**2. Is f(-11) a multiple of 38?
True
Is (-3 + (-22 - 10))/(-4 + (-1737)/(-435)) a multiple of 2?
False
Suppose 201*h - 205*h + 120 = 0. Suppose -2*b - 5 = 1. Let n = h + b. Is 2 a factor of n?
False
Let g(n) = 17*n - 36. Let o be g(3). Suppose -4*l = -9*l + o. Suppose 3*q = -3, l*q = 5*y - 0*q - 633. Is 21 a factor of y?
True
Let u be (-2 - -1 - -1) + 3. Suppose 3*a = 5*j + 23, 16 = 3*a - 313*j + 315*j. Suppose -h + k + 41 = a*k, 5*k + 83 = u*h. Is 28 a factor of h?
False
Suppose 2287 - 79987 = -20*w. Is w a multiple of 111?
True
Suppose -4*q = -n - 4751, -7*q + n = -10*q + 3558. Is 2 a factor of q?
False
Let i(u) = 532*u - 293. Is 129 a factor of i(5)?
False
Suppose -2*z = -3*j + 4*j - 422, 0 = -2*z - 5*j + 422. Let c = z - -239. Is 9 a factor of c?
True
Let n be (50/(-3))/((-4)/6). Suppose n = -3*t + 5*c, 6*c = t + 2*c + 20. Suppose 2*u - 33 - 88 = -x, t = -3*u + x + 179. Does 19 divide u?
False
Suppose -3*a - 58*d = -55*d - 43461, -4*a + 4*d = -57940. Is 58 a factor of a?
False
Suppose 15*t + 62